{"id":6,"date":"2018-11-26T12:45:27","date_gmt":"2018-11-26T12:45:27","guid":{"rendered":"https:\/\/accidentedeauto.net\/?page_id=6"},"modified":"2024-12-31T19:22:18","modified_gmt":"2024-12-31T19:22:18","slug":"home","status":"publish","type":"page","link":"https:\/\/accidentedeauto.net\/","title":{"rendered":"Home"},"content":{"rendered":"\n\n\t<h5>\n\t\t\t\tAbogados de accidentes automovil\u00edsticos y lesiones personales\n\t\t\t<\/h5>\n\t<h1>\n\t\t\t\tLUCHANDO PARA OBTENER LA COMPENSACI\u00d3N QUE MERECE\n\t\t\t<\/h1>\n\t\t\t<a href=\"tel:+15597776587\" title=\"Click Here\" target=\"_self\" role=\"button\" aria-label=\"Llame Para Una Consulta Gratuita\" rel=\"noopener\">\n\t\t\t\t\t\t\tLlame Para Una Consulta Gratuita\n\t\t<\/a>\n\t<h5>\n\t\t\t\tSobre nosotros\n\t\t\t<\/h5>\n\t<h2>\n\t\t\t\tEntendemos lo abrumador y estresante que puede ser lesionarse en un accidente automovil\u00edstico.\n\t\t\t<\/h2>\n<p>En la facultad de derecho, el abogado Jes\u00fas Mart\u00ednez estuvo involucrado en un accidente de motocicleta.\u00a0El accidente lo dej\u00f3 con una mu\u00f1eca fracturada y requiri\u00f3 tratamiento m\u00e9dico.\u00a0Es por eso que estamos aqu\u00ed para luchar por usted y obtener la compensaci\u00f3n que merece.<\/p>\n\t\t\t<a href=\"tel:+15597776587\" title=\"Click Here\" target=\"_self\" role=\"button\" aria-label=\"Aprende Mas\" rel=\"noopener\">\n\t\t\t\t\t\t\tAprende Mas\n\t\t<\/a>\n\t<h5>\n\t\t\t\tPodemos ayudarte con\n\t\t\t<\/h5>\n\t<h4>\n\t\t\t\tAccidentes de motocicleta\n\t\t\t<\/h4>\n\t\t\t<p>Si ha tenido un accidente de motocicleta y no sabe qu\u00e9 hacer, estamos aqu\u00ed para ayudarlo.<\/p>\t\n\t<h4>\n\t\t\t\tAccidentes de Camiones\n\t\t\t<\/h4>\n\t\t\t<p>Si ha tenido un accidente de cami\u00f3n y no sabe qu\u00e9 hacer, estamos aqu\u00ed para ayudarlo.<\/p>\t\n\t<h4>\n\t\t\t\tColisiones traseras\n\t\t\t<\/h4>\n\t\t\t<p>Si ha estado en una colisi\u00f3n trasera y no sabe qu\u00e9 hacer, estamos aqu\u00ed para ayudarlo.<\/p>\n\t<h2>\n\t\t\t\tEl \u00fanico lugar donde obtendr\u00e1 la mejor soluci\u00f3n legal para su accidente de colisi\u00f3n automovil\u00edstica\n\t\t\t<\/h2>\n\t\t\t<a href=\"tel:+15597776587\" title=\"Click Here\" target=\"_self\" role=\"button\" aria-label=\"Llamanos Ahora\" rel=\"noopener\">\n\t\t\t\t\t\t\tLlamanos Ahora\n\t\t<\/a>\n\t<h2>\n\t\t\t\tNuestros resultados ganadores\n\t\t\t<\/h2>\n\t\t<h3>Resuelto $ 100,000 accidente automovil\u00edstico<\/h3>\n\t\t\t<p>El cliente estuvo involucrado en un accidente automovil\u00edstico y el caso se resolvi\u00f3 antes del juicio por $100,000.<\/p>\n\t\t<h3>Acuerdo de $100,000 accidente automovil\u00edstico<\/h3>\n\t\t\t<p>Un miembro de la familia del cliente muri\u00f3 en un accidente automovil\u00edstico y el caso se resolvi\u00f3 por $100,000.<\/p>\n\t\t<h3>Resuelto $ 15,000 Accidente automovil\u00edstico<\/h3>\n\t\t\t<p>El cliente estuvo involucrado en un accidente automovil\u00edstico por parte de un automovilista sin seguro y el caso se resolvi\u00f3 por $15,000.<\/p>\n\t\t<h3>Acuerdo de $30,000 por accidente de motocicleta<\/h3>\n\t\t\t<p>Un miembro de la familia estuvo en un accidente automovil\u00edstico y el caso se resolvi\u00f3 por $30,000.<\/p>\n\t\t<h3>Resuelto $30,000 accidente automovil\u00edstico<\/h3>\n\t\t\t<p>El cliente estuvo involucrado en un accidente automovil\u00edstico en un estacionamiento y el caso se resolvi\u00f3 por $30,000. Ning\u00fan caso es demasiado peque\u00f1o.<\/p>\n\t\t<h3>Resuelto $13,700 Accidente automovil\u00edstico<\/h3>\n\t\t\t<p>El cliente y su familiar estuvo un accidente automovil\u00edstico de motocicleta y el caso se resolvi\u00f3 por $13,700. Ning\u00fan caso es demasiado peque\u00f1o.<\/p>\n\t<h3>\n\t\t\t\t\u00bfNecesita ayuda con su accidente automovil\u00edstico? \u00a1Podemos ayudar!\n\t\t\t<\/h3>\n\t\t\t<a href=\"tel:+15597776587\" title=\"Click Here\" target=\"_self\" role=\"button\" aria-label=\"Aprende Mas\" rel=\"noopener\">\n\t\t\t\t\t\t\tAprende Mas\n\t\t<\/a>\n\n","protected":false},"excerpt":{"rendered":"<p>Abogados de accidentes automovil\u00edsticos y lesiones personales LUCHANDO PARA OBTENER LA COMPENSACI\u00d3N QUE MERECE Llame Para Una Consulta Gratuita Sobre nosotros Entendemos lo abrumador y estresante que puede ser lesionarse en un accidente automovil\u00edstico. En la facultad de derecho, el abogado Jes\u00fas Mart\u00ednez estuvo involucrado en un accidente de motocicleta.\u00a0El accidente lo dej\u00f3 con una [&hellip;]<\/p>\n","protected":false},"author":1,"featured_media":0,"parent":0,"menu_order":0,"comment_status":"closed","ping_status":"closed","template":"","meta":{"site-sidebar-layout":"no-sidebar","site-content-layout":"page-builder","ast-site-content-layout":"default","site-content-style":"default","site-sidebar-style":"default","ast-global-header-display":"","ast-banner-title-visibility":"","ast-main-header-display":"","ast-hfb-above-header-display":"","ast-hfb-below-header-display":"","ast-hfb-mobile-header-display":"","site-post-title":"disabled","ast-breadcrumbs-content":"","ast-featured-img":"disabled","footer-sml-layout":"","ast-disable-related-posts":"","theme-transparent-header-meta":"enabled","adv-header-id-meta":"","stick-header-meta":"","header-above-stick-meta":"","header-main-stick-meta":"","header-below-stick-meta":"","astra-migrate-meta-layouts":"default","ast-page-background-enabled":"default","ast-page-background-meta":{"desktop":{"background-color":"","background-image":"","background-repeat":"repeat","background-position":"center center","background-size":"auto","background-attachment":"scroll","background-type":"","background-media":"","overlay-type":"","overlay-color":"","overlay-opacity":"","overlay-gradient":""},"tablet":{"background-color":"","background-image":"","background-repeat":"repeat","background-position":"center center","background-size":"auto","background-attachment":"scroll","background-type":"","background-media":"","overlay-type":"","overlay-color":"","overlay-opacity":"","overlay-gradient":""},"mobile":{"background-color":"","background-image":"","background-repeat":"repeat","background-position":"center center","background-size":"auto","background-attachment":"scroll","background-type":"","background-media":"","overlay-type":"","overlay-color":"","overlay-opacity":"","overlay-gradient":""}},"ast-content-background-meta":{"desktop":{"background-color":"var(--ast-global-color-5)","background-image":"","background-repeat":"repeat","background-position":"center center","background-size":"auto","background-attachment":"scroll","background-type":"","background-media":"","overlay-type":"","overlay-color":"","overlay-opacity":"","overlay-gradient":""},"tablet":{"background-color":"var(--ast-global-color-5)","background-image":"","background-repeat":"repeat","background-position":"center center","background-size":"auto","background-attachment":"scroll","background-type":"","background-media":"","overlay-type":"","overlay-color":"","overlay-opacity":"","overlay-gradient":""},"mobile":{"background-color":"var(--ast-global-color-5)","background-image":"","background-repeat":"repeat","background-position":"center center","background-size":"auto","background-attachment":"scroll","background-type":"","background-media":"","overlay-type":"","overlay-color":"","overlay-opacity":"","overlay-gradient":""}},"footnotes":""},"_links":{"self":[{"href":"https:\/\/accidentedeauto.net\/index.php?rest_route=\/wp\/v2\/pages\/6"}],"collection":[{"href":"https:\/\/accidentedeauto.net\/index.php?rest_route=\/wp\/v2\/pages"}],"about":[{"href":"https:\/\/accidentedeauto.net\/index.php?rest_route=\/wp\/v2\/types\/page"}],"author":[{"embeddable":true,"href":"https:\/\/accidentedeauto.net\/index.php?rest_route=\/wp\/v2\/users\/1"}],"replies":[{"embeddable":true,"href":"https:\/\/accidentedeauto.net\/index.php?rest_route=%2Fwp%2Fv2%2Fcomments&post=6"}],"version-history":[{"count":7,"href":"https:\/\/accidentedeauto.net\/index.php?rest_route=\/wp\/v2\/pages\/6\/revisions"}],"predecessor-version":[{"id":864,"href":"https:\/\/accidentedeauto.net\/index.php?rest_route=\/wp\/v2\/pages\/6\/revisions\/864"}],"wp:attachment":[{"href":"https:\/\/accidentedeauto.net\/index.php?rest_route=%2Fwp%2Fv2%2Fmedia&parent=6"}],"curies":[{"name":"wp","href":"https:\/\/api.w.org\/{rel}","templated":true}]}}